- 2. Let m = 2 + z. Determine h(m).
4
Let c be 9*((1 - 3) + 3). Let u(z) = -c - 2*z - 4 + z + z**2. Determine u(0).
-13
Let d(w) be the third derivative of 0 + 1/12*w**5 - 2*w**2 - 1/4*w**4 + 1/120*w**6 + 0*w - w**3. Determine d(-6).
-6
Let g(p) = p**3 + 4*p**2 + 5*p + 4. Suppose 0 = -f + 2*n + 39, -4*n + 26 - 5 = f. Suppose 3 = 5*y + f. Let c be (y/4)/((-1)/(-2)). Give g(c).
-2
Let t = -3 - -8. Let b(l) = -l**2 + 6*l. Calculate b(t).
5
Let m(t) = -t**2 - 2*t + 2. Let l(u) = u**2 - 1. Let g be l(1). Suppose g = 4*a - 15 - 1. Let n be a/(-2)*3/2. Give m(n).
-1
Let j = -37 + 64. Let i(m) = 41*m**3 + 1 - j*m**3 - 26*m**3. Determine i(-1).
13
Let a(f) = -f - 6. Let z be a(-7). Let t(q) = q**2. Let d(o) = o**3 - o + 2. Let i(w) = z*d(w) - 4*t(w). Calculate i(3).
-10
Let q(p) be the first derivative of -p**4/4 - p**3/3 + 2*p**2 + 3*p - 4. Let k(s) = s**3 - 4*s**2 - s + 2. Let i be k(4). Determine q(i).
-1
Let r be 2/8 + 3/36. Let y(t) be the third derivative of r*t**3 + 1/24*t**4 + 2*t**2 + 0 + 0*t. Calculate y(-1).
1
Let s = 4 + -5. Let v be s*(-1 - -2) + 5. Let o be 1/v + (-18)/8. Let b(k) = 4*k + 1. Give b(o).
-7
Suppose 4*u - 8*u - 40 = 0. Let c(i) = -i - 4. Let w be c(u). Let d(h) = 2*h - 7. Give d(w).
5
Suppose -3*c + 2 = -2*c - 3*h, 0 = -5*c + 4*h + 21. Suppose -c*x + 16 = -4*j, 4*x - 16 = -4*j + x. Let q(t) = -t + 1. Calculate q(j).
0
Let z be 0/(-1)*(-2 - -3). Let d(k) = -14*k**3 + 3*k**2 + 20*k - 4. Let x(u) = -5*u**3 + u**2 + 7*u - 1. Let g(t) = -6*d(t) + 17*x(t). Calculate g(z).
7
Let q be (-18 - -2)/(-8)*(-1)/(-2). Let d(s) = -10*s**2 - 1. What is d(q)?
-11
Let a(s) = -7*s - 5. Let i be a(-4). Suppose -4*q = q + 3*c - 53, -2*q = 3*c - i. Suppose -g = -3*h - 10 - q, -5*h - 45 = -4*g. Let o(j) = j. Give o(g).
5
Suppose 4*r = 2*k - 42, -k = 4*r - r + 24. Let s(b) = -b - 13. Calculate s(r).
-4
Let l(j) = j**3 + 6*j**2 + 4*j - 7. Let z(d) = -4*d + 7. Let i be z(3). Determine l(i).
-2
Let b(g) be the first derivative of g**2/2 - 9*g + 2. Let s be b(8). Let l(h) = 2*h**3 - h**2 - h. Give l(s).
-2
Suppose 2*r + 2*r - 8 = 0. Let i(o) = -4 + o**3 + 5*o + 10*o**2 + 0*o**r - 3*o**2. Let h be 1*12/(-10)*5. Calculate i(h).
2
Let i(n) be the third derivative of -1/360*n**6 + 1/6*n**3 - 1/6*n**4 + 0*n + 0 + 1/40*n**5 + 2*n**2. Let r(u) be the first derivative of i(u). Determine r(3).
-4
Let m(n) = 2*n**2 + n - 1. Let g(r) = 10*r**2 + 6*r - 4. Let w(x) = 2*g(x) - 11*m(x). Calculate w(3).
-12
Let f(i) be the first derivative of i**2 - 2*i + 1. Suppose 3*v = -4*r + 11, -3*v + 0*v + 3*r = 24. Calculate f(v).
-8
Let d(u) = -u - 3. Let m be 2 - -1 - (10 + -3). Calculate d(m).
1
Suppose s + 3*c - 6 = 0, -s + 6*s - 4*c = 11. Suppose s*k = 0, -x + 2*k + 3 = k. Let n(a) = -2 - a + 0 - x*a**2 - 3*a. Give n(-2).
-6
Let v(o) = o**3 - 5*o**2 - 8*o + 5. Suppose 3*i = -i + 24. Determine v(i).
-7
Let p(k) = -2*k**3 + k**2 + 5*k - 1. Let y(z) = -z**3 + 3*z - 1. Let t be -4 - -3 - 1 - -7. Let f(q) = t*y(q) - 3*p(q). Determine f(2).
-6
Let u be (-2)/12 - (-58)/(-12). Let w(f) be the first derivative of -3*f**2/2 - f + 3. Determine w(u).
14
Let f(y) = 5 - 11*y + 7 - 13. Determine f(-1).
10
Let n(y) = -y**3 + 5*y**2 - 3. Let j(x) be the first derivative of -x**3/3 + 7*x**2/2 + 5*x - 1. Let c be j(6). Suppose -3*h = -4 - c. What is n(h)?
-3
Let f(x) = -6*x + 2. Let g(o) = -o**2 + 11*o - 8. Let a be g(10). Let y(w) = -2*w**2 - w**3 + 2*w**2 + a - w. Let v be y(0). What is f(v)?
-10
Let y(n) = 8*n + 2 + n**2 + 0 - 3*n. Suppose t - 3*c - 11 = 0, 0 = -c - 0 - 5. Give y(t).
-2
Let q(h) be the first derivative of -h**2/2 + 6*h - 3. Calculate q(6).
0
Let r be (-8)/(-7) - 8/56. Let p(j) be the first derivative of -j**3/3 + 3*j**2/2 - j + 2. Give p(r).
1
Let p(x) = x. Let g be p(2). Let n(d) = -4*d + g - 2. Determine n(2).
-8
Let c be (-6)/(-39) + 216/(-52). Let z(f) = f**3 + 4*f**2 + 2*f + 5. Determine z(c).
-3
Let z(l) = -2*l**2 + 11*l + 12. Let x(u) = -3*u**2 + 22*u + 23. Let b(s) = -3*x(s) + 5*z(s). Calculate b(-9).
9
Let g = -8 - -3. Let x(y) = -y**2 - 5*y + 3. Give x(g).
3
Let z(r) be the first derivative of -5*r**3/3 + r**2 + r + 1. Let p(q) = -q**3 + 3*q**2 + 4*q + 2. Let b be p(4). Suppose 0*a + b = -2*a. Give z(a).
-6
Let m(k) = 3 - 4*k + 2*k - 6*k + 2*k. Let t(g) = g**2 + 2*g - 1. Let u be t(-3). Determine m(u).
-9
Suppose 25 = 2*x + 3*x. Let s(m) = -m - x + 3*m + 3. What is s(3)?
4
Suppose 0 = 5*l - l - 20. Let z(o) = o**2 - 6*o + 5. Let d be z(l). Let p(a) = -a**2 + a - 1. Give p(d).
-1
Let n(g) be the third derivative of -g**5/15 - g**4/12 - g**3/6 - 2*g**2. Suppose 3*i - 6*i = 4*r - 36, -14 = -3*r + i. Suppose -3*z - 9 = -r. What is n(z)?
-3
Let u(m) be the second derivative of -1/12*m**4 + 0 - 1/6*m**3 + m + 1/20*m**5 - 3*m**2. What is u(0)?
-6
Let u(d) = 4*d**2 + 3*d - 6. Let o(s) = -4*s**2 - 4*s + 7. Let m(a) = 5*o(a) + 6*u(a). What is m(-1)?
5
Let u(f) = 7*f - 8*f - 16 + 3. Suppose -4*c + 4 = -n + 25, -2*n = 4*c + 6. Let a = c - -4. Calculate u(a).
-13
Let y = 1 - -2. Let i(u) be the first derivative of -u**2 + u - 3. Determine i(y).
-5
Let b(y) = -3*y**2 - y. Suppose -11 - 7 = -3*x. Let p(u) = -u**2 + 5*u + 4. Let l be p(x). What is b(l)?
-10
Let q(w) = 3*w. Let f be (1/2)/((-2)/12). Let k = f + 6. What is q(k)?
9
Let h(k) = -k. Let n(d) = -2*d. Let q(t) = 4*h(t) - 3*n(t). Give q(3).
6
Let z(t) = t. Let u be (-15)/(-9) + 1/3. Suppose -u*f + 1 + 3 = 0. Suppose -15 = -f*w - w. What is z(w)?
5
Let m = -2 + -2. Let i(c) be the third derivative of -c**6/180 - c**5/24 + c**4/6 - 5*c**3/6 - c**2. Let h(b) be the first derivative of i(b). Give h(m).
-8
Let k(w) be the second derivative of w**6/60 + w**5/60 - 5*w**2/2 + w. Let h(p) be the first derivative of k(p). Give h(-1).
-1
Let k(u) = 2*u - 16. Let y be (-1)/(-5) + 108/10. What is k(y)?
6
Let k(p) = -p - 1. Let q be -5 + 0 + -1 + 2. Let x = -1 - q. Give k(x).
-4
Let c(q) be the second derivative of -q**6/360 + q**5/24 - q**4/6 + 2*q**3/3 - q. Let o(s) be the second derivative of c(s). Calculate o(3).
2
Suppose 21*p = 23*p - 4. Let a = -3 - -5. Let q(y) = y**2 + 3*y + y**p - a*y. Determine q(-1).
1
Let j(u) = u**2 + 13*u - 6. Let x(l) = -l**2 - 14*l + 6. Let y(t) = 3*j(t) + 2*x(t). Determine y(-12).
6
Let b(f) be the second derivative of 1/20*f**5 + 0 - 1/6*f**3 + 1/6*f**4 + 3/2*f**2 - f. Determine b(-3).
-3
Let j be (-23)/(-7) - 4/14. Let z(y) = -7*y**2 + y**2 - y + j*y**2 + 2. Calculate z(-2).
-8
Suppose 2*c + 3*c = 0. Let l(i) = 5*i - 2*i + 2 - 7 - 4*i + i**2. What is l(c)?
-5
Let j(a) be the third derivative of -a**4/8 - 15*a**2. Determine j(-4).
12
Let r(h) be the first derivative of -h**2 + 6*h - 9. Give r(5).
-4
Suppose 9 = 4*c - q, -2*c = 2*c - 3*q - 11. Let s(z) = 3*z - 1. Give s(c).
5
Let y(i) = i**3 - 10*i**2 + 2*i - 15. Let a be 76/16 + -5 + (-82)/(-8). Give y(a).
5
Suppose 5*y = -2*f + 29, 0 = -4*y + 6 + 14. Suppose 0 = -f*m - 0*m. Suppose m = 3*z - 0*z - 18. Let g(w) = w**3 - 6*w**2 + 2*w - 6. Determine g(z).
6
Let g(f) = -f**2 - 4*f. Suppose -3*d = -4*z - 17 - 18, -2*z + 2*d - 20 = 0. What is g(z)?
-5
Let p = -5/61 + 425/1464. Let h(i) be the third derivative of -p*i**4 + 0 + 1/6*i**3 + 1/120*i**6 - 1/15*i**5 + 2*i**2 + 0*i. What is h(5)?
1
Let b(x) = -4*x - x + 4*x - 9*x**3. Suppose -15*g = -6*g + 9. What is b(g)?
10
Suppose 2*s - 2*m = -0*s - 4, -3*m - 9 = 2*s. Let h(p) = p**3 + p**2 - 3*p - 1. Give h(s).
-10
Let j(k) be the second derivative of k**4/12 + k**3/6 - 7*k**2/2 + 20*k. What is j(-6)?
23
Let t(b) be the second derivative of -11/2*b**2 + 1/12*b**4 - 2*b + 0*b**3 + 0. Suppose -4*j + 0*j = 0. Give t(j).
-11
Let r be 2*(-1)/(4/10). Let n(o) = 7*o + 9. Let i(d) = -4*d - 4. Let m(x) = -5*i(x) - 3*n(x). What is m(r)?
-2
Suppose -12*w + 20 = -8*w. Let o(p) = p**3 - 6*p**2 + 3*p + 5. Give o(w).
-5
Let p(l) be the third derivative of -l**6/120 + l**5/30 + l**4/12 + l**3/6 - 6*l**2. Suppose 0 = 6*a - 2*a + 4. Give p(a).
2
Let f(z) = 8*z**3 - z**2 + z. Suppose 9 = 3*l - 4*r - 14, 4*r + 18 = -2*l. Determine f(l).
8
Suppose -h + 1 = -2. Suppose -5*t + 9 = p - 10, h*p = 3*t + 3. Let x(o) = 1 + 3 - o - 2*o. Give x(p).
-8
Let m(v) = 0 + 1 - 4*v - 3 + 4. Determine m(2).
-6
Let u(v) = -2*v - 1. Let c be u(-3). Let q(i) = -2 + 3 + 3 - i - 2. Determine q(c).
-3
Let g(o) be the second derivative of -o**6/180